{"id":818,"date":"2023-03-12T10:59:03","date_gmt":"2023-03-12T10:59:03","guid":{"rendered":"http:\/\/www.knowaodwierty.pl\/?page_id=818"},"modified":"2023-03-30T09:08:23","modified_gmt":"2023-03-30T09:08:23","slug":"stacje-uzdatniania-wody","status":"publish","type":"page","link":"http:\/\/www.knowaodwierty.pl\/?page_id=818","title":{"rendered":"STACJE UZDATNIANIA WODY"},"content":{"rendered":"\n<figure class=\"wp-block-image size-large\"><img loading=\"lazy\" decoding=\"async\" width=\"1200\" height=\"900\" src=\"http:\/\/www.knowaodwierty.pl\/wp-content\/uploads\/2023\/03\/IMG_2729-1200x900.jpg\" alt=\"STACJE UZDATNIANIA WODY\" class=\"wp-image-808\"\/><\/figure>\n\n\n\n<p>Zajmujemy si\u0119 profesjonalnym uzdatnianiem wody sieciowej i studziennej.<\/p>\n\n\n\n<p>Oferujemy monta\u017c urz\u0105dze\u0144 w obiektach przemys\u0142owych, hotelach, sp\u00f3\u0142dzielniach mieszkaniowych oraz budynkach mieszkalnych.<\/p>\n\n\n\n<p>Proponujemy:<\/p>\n\n\n\n<ul class=\"wp-block-list\"><li>stacje zmi\u0119kczaj\u0105ce<\/li><li>od\u017celaziaj\u0105ce<\/li><li>odmanganiaj\u0105ce<\/li><\/ul>\n\n\n\n<p>Dodatkowo zajmujemy si\u0119 pobieraniem pr\u00f3bek wody do badania , zak\u0142adamy systemy odwr\u00f3conej osmozy, wody demineralizowanej&nbsp; oraz lampy UV.<\/p>\n\n\n\n<p>\u015awiadczymy serwis gwarancyjny oraz pogwarancyjny z dost\u0119pem do cz\u0119\u015bci zamiennych.<\/p>\n\n\n\n<p>Zapraszamy do <a href=\"http:\/\/www.knowaodwierty.pl\/?page_id=102\">Kontaktu<\/a><\/p>\n","protected":false},"excerpt":{"rendered":"<p><a class=\"read-more\" href=\"http:\/\/www.knowaodwierty.pl\/?page_id=818\">Czytaj dalej&#8230;<\/a><\/p>\n","protected":false},"author":1,"featured_media":0,"parent":0,"menu_order":0,"comment_status":"closed","ping_status":"closed","template":"","meta":{"ngg_post_thumbnail":0,"pgc_sgb_lightbox_settings":"","footnotes":""},"class_list":["post-818","page","type-page","status-publish","hentry"],"aioseo_notices":[],"_links":{"self":[{"href":"http:\/\/www.knowaodwierty.pl\/index.php?rest_route=\/wp\/v2\/pages\/818","targetHints":{"allow":["GET"]}}],"collection":[{"href":"http:\/\/www.knowaodwierty.pl\/index.php?rest_route=\/wp\/v2\/pages"}],"about":[{"href":"http:\/\/www.knowaodwierty.pl\/index.php?rest_route=\/wp\/v2\/types\/page"}],"author":[{"embeddable":true,"href":"http:\/\/www.knowaodwierty.pl\/index.php?rest_route=\/wp\/v2\/users\/1"}],"replies":[{"embeddable":true,"href":"http:\/\/www.knowaodwierty.pl\/index.php?rest_route=%2Fwp%2Fv2%2Fcomments&post=818"}],"version-history":[{"count":7,"href":"http:\/\/www.knowaodwierty.pl\/index.php?rest_route=\/wp\/v2\/pages\/818\/revisions"}],"predecessor-version":[{"id":847,"href":"http:\/\/www.knowaodwierty.pl\/index.php?rest_route=\/wp\/v2\/pages\/818\/revisions\/847"}],"wp:attachment":[{"href":"http:\/\/www.knowaodwierty.pl\/index.php?rest_route=%2Fwp%2Fv2%2Fmedia&parent=818"}],"curies":[{"name":"wp","href":"https:\/\/api.w.org\/{rel}","templated":true}]}}